 is the remainder when z is divided by q(-2)?
11
Let l(r) = r**2 - 2. Let d be l(-2). Suppose 2*i = -2*y, d*i + i - 4 = -2*y. Let b = 5 - y. Calculate the remainder when b is divided by 4.
1
Let d = 15 + -13. Suppose d*u + 117 = 17. What is the remainder when 28 is divided by 24/(-20)*u/4?
13
Let r(w) = 2 + 73*w**2 + 4*w + w**3 + 3 - 7 - 76*w**2. Suppose -z - z + 36 = 2*y, -z = -5*y - 18. What is the remainder when z is divided by r(3)?
8
Let j be 0/1*2/(-6). Suppose 5*f = j, 18 = 4*x + f - 50. Let o(v) = 68*v - 1. What is the remainder when o(1) is divided by x?
16
Suppose 0*j = 5*j + 10. Let o(m) = -m**2 + 15*m + 23. What is the remainder when o(13) is divided by 12 - (-1 + 2 + j)?
10
Suppose -1712*i = -1675*i - 222. Let o = 14 - 8. What is the remainder when o is divided by i?
0
Let g(f) = 17*f**2 - 9*f - 25. Calculate the remainder when g(-2) is divided by 13.
9
Suppose -3*u = z - 44, 3*z - 9*u = -4*u + 202. What is the remainder when 234 is divided by z?
57
What is the remainder when -3 - (-39)/12 - 214/(-8) is divided by 6?
3
Let b = -80 - -74. Let l = 4 - b. Calculate the remainder when l is divided by 9.
1
What is the remainder when -6 - ((-95)/(-20) - -3)*-8 is divided by 24?
8
Let a(m) = 9*m - 36. Let f be a(15). Suppose 2*y + 7*j - 2*j = 162, y - 2*j = f. Calculate the remainder when y is divided by 24.
19
Suppose -44*i = -2636 - 12984. Calculate the remainder when i is divided by 21.
19
Let l be 31/(-8) + 8/(-64). Let w be 0/(2 + l/1). Suppose w = -3*f + 79 + 5. What is the remainder when f is divided by 10?
8
Let a(k) = -5*k - 18. Calculate the remainder when a(-21) is divided by 48.
39
Let c(k) = -3*k**2 + 206*k + 81. What is the remainder when 742 is divided by c(69)?
10
Let q(a) = a**2 - 7*a + 15. Let m(l) = -2*l**3 - 11*l**2 - 2*l - 21. Calculate the remainder when q(-9) is divided by m(-6).
24
Suppose 2*k = -2*g + 16, 2*g - 12 = k + 19. Let n(w) = w + 4. Let p be n(-6). What is the remainder when g is divided by 1/(-1*p/14)?
6
Suppose 5*y = 14*y - 63. Calculate the remainder when 62 is divided by ((50 + -2)/(-2))/((-7)/y).
14
Suppose 5*g = 3*g + 5*q - 150, -5*q + 215 = -3*g. Let m = g + 120. What is the remainder when m is divided by 14?
13
Let v(c) = -c**3 + 18*c**2 + 3*c - 44. Suppose 74 = 2*z - 44. What is the remainder when z is divided by v(18)?
9
Let m = 860 - 202. What is the remainder when m is divided by 30?
28
Suppose -4*n = 5*l - 50, -2*n - 8*l + 24 = -5*l. What is the remainder when 74 is divided by n?
14
Let q = 82 - 18. Let z = q - 47. Calculate the remainder when z is divided by 7.
3
Let t = -41 - -80. Calculate the remainder when t is divided by 16.
7
Suppose -136 = -2*l + 352. Calculate the remainder when l is divided by 42.
34
Suppose 0*q - 12 = -4*q. Calculate the remainder when 12 is divided by q.
0
Let d = 240 - 194. Suppose 29*r - d = 28*r. Calculate the remainder when r is divided by (4*4)/(-1 + 2).
14
Let c = 8052 - 7931. What is the remainder when c is divided by ((-2)/4)/(1/(-82))?
39
Suppose -2*s - 191 = -5*s - 4*w, 4*s - 5*w - 234 = 0. What is the remainder when 67 is divided by s?
6
What is the remainder when 38 is divided by ((-8)/28 + (-1288)/(-49))/2?
12
Let h = -1807 - -1882. Suppose 0 = -5*s + s + 44. What is the remainder when h is divided by s?
9
Suppose -2*v = u - 7, -5*u - 23 = 2. Let n(t) = t - 3. Let l be n(v). Calculate the remainder when 6*(l + -2) + -1 is divided by 3.
2
Suppose -2*s = -5*s + 132. Let t = -23951 + 23967. Calculate the remainder when s is divided by t.
12
Suppose -3*b = -4*l + 357, 2*l + 2*b - 166 = 30. Let j(a) = a**3 + 4*a**2 + a + 5. Let m be j(-4). Calculate the remainder when l is divided by 12*(0 - -2)/m.
21
Suppose -638 = -20*r - 2*r. What is the remainder when 258 is divided by r?
26
Suppose 0 = -3*d + 7*d + 16, h + 4*d + 7 = 0. Suppose -h*i = -151 - 56. Calculate the remainder when i is divided by (-13)/(-1) - (3 - 3).
10
Let m be 0 + 2 + 2 + (2 - 3). Suppose c = -l + 79, 221 = m*l - 0*l - c. Calculate the remainder when l is divided by 13.
10
Let v = 2958 + -5157. What is the remainder when v/(-21) - (-6)/21 is divided by (-2)/(-17) + 3199/119?
24
Suppose -4*o + 3*q + 131 = 38, -97 = -4*o - q. What is the remainder when o is divided by 9?
6
Let p = -262 - -303. Calculate the remainder when p is divided by 35.
6
Let s(v) = -v**3 + 10*v**2 + 78*v - 27. Calculate the remainder when 70 is divided by s(15).
16
Let t(f) = -3*f**2 + 44*f - 7. Calculate the remainder when 287 is divided by t(13).
55
Suppose -i = -0*i - 16. Let k = i + 110. Calculate the remainder when k is divided by 32.
30
Let l(i) be the second derivative of 9/2*i**2 + 1/6*i**3 + 0 + 3*i. Calculate the remainder when 2 is divided by l(-8).
0
Let f = -381 - -400. Suppose -2*p - 4 = 0, -5*g + p + 92 + 185 = 0. Calculate the remainder when g is divided by f.
17
Let x(q) = -q**2 - 9*q - 1. Let f(w) = -2*w**2 + 4*w + 2. Let z be f(-3). Calculate the remainder when (z - 4)/(3/(-3)) is divided by x(-6).
15
Let n be ((-64)/6)/((-2)/15). Suppose -6*g = -n - 172. Calculate the remainder when g is divided by 15.
12
Let b = -43 - -42. What is the remainder when (-39)/(-26)*(-6)/b is divided by 3?
0
Suppose -3*s + 4 = 5*u - 26, 0 = 5*s. What is the remainder when 166 is divided by u?
4
Let f(u) = 3*u + 9. Let p be f(-6). Suppose 3*l + 5*v - 9 = 0, 0 = 4*l + 3*v - 1. Let z = l - p. Calculate the remainder when 11 is divided by z.
4
Suppose -84 = t - 3*t. What is the remainder when (-13728)/(-168) + 5/(-7) is divided by t?
39
Suppose 5*i - 5*v = 0, -2*i = -0*i + 2*v - 8. Suppose -4*r = -i*h - 6, 0 = 3*r - 2 - 13. Calculate the remainder when 15 - 9/6*-2 is divided by h.
4
Suppose 3*z - 8*z = -50. Let r(u) = u**3 + 3*u**2 - u - 3. Let c = -5 - -8. Calculate the remainder when r(c) is divided by z.
8
Suppose 5*m + 0 - 85 = 0. Let o = -44 - -108. What is the remainder when o is divided by m?
13
Suppose 2*q + u - 1 = -3, 2*u + 6 = -5*q. Calculate the remainder when 41 is divided by 13 + q + 2 + 1.
13
Let y be (-2 - 0)*14/(-4). Suppose 5*x + 4 = y*x. Suppose -4 = n - x*n. Calculate the remainder when 10 is divided by n.
2
What is the remainder when -3 + (2 - (0 + -47)) is divided by (28/(-21))/((-2)/18)?
10
Suppose 100 = 2*c + u - 6*u, 132 = 3*c - 3*u. What is the remainder when 998 is divided by c?
38
Let o(x) = x**3 + 6*x**2 - 2*x - 7. Let n be o(-6). Suppose 87 = n*d - 2*d. What is the remainder when 55 is divided by d?
26
Let n(m) = 3*m**2 + 67*m + 30. What is the remainder when 106 is divided by n(-22)?
2
Let s = 42 - 23. Suppose -s*l - 230 = -24*l. Calculate the remainder when l is divided by 6.
4
Let g(i) = 2*i**3 - 78*i**2 + 2*i - 61. Calculate the remainder when 252 is divided by g(39).
14
Let d(x) = x**3 + 50*x**2 + 48*x - 2. Calculate the remainder when d(-49) is divided by 21.
5
Calculate the remainder when (-3)/(-8) + 16/((-1280)/(-1330)) is divided by 10.
7
Let t = 389 + -364. Calculate the remainder when t is divided by 10.
5
Let m(l) be the first derivative of -l**2 + l - 16. What is the remainder when 2 is divided by m(0)?
0
Suppose -9 = y - 3*n, 0 = 3*y - 4*y + 5*n + 1. Let j be (-2)/(-7) - (-1832)/56. Let i = y + j. What is the remainder when 25 is divided by i?
7
Let a = 64 - 61. Let l(s) = 2*s**3 - 4*s**2 + 2*s + 1. Calculate the remainder when 45 is divided by l(a).
20
Let r be ((-24)/5)/(6/(-40)). Let o be ((-6)/4)/((-2)/r). Let d = -16 + o. What is the remainder when 30 is divided by d?
6
Let h = -340 + 373. Calculate the remainder when 592 is divided by h.
31
Suppose 5*m = 7*m + 4*l - 296, -604 = -4*m - 2*l. Calculate the remainder when m is divided by 12.
8
Let i be 546/(-4)*(-9 - (-50)/6). Let u = i + -22. Calculate the remainder when u is divided by 12.
9
Let b(z) = -4 + z + 5 + 2. Calculate the remainder when b(14) is divided by 6.
5
Suppose -f + 2*f = 2. Let t(b) = 2*b - 2. Let o be t(f). Calculate the remainder when 4/o + (21 - 0) is divided by 8.
7
Let b(w) = -312*w - 2122. Let j be (1/(-2))/((-1)/(-2)). Let v = 20 - j. Calculate the remainder when b(-7) is divided by v.
20
Suppose 13 = 3*b + 3*s + s, -b - 1 = -4*s. Suppose -3*m - 114 + 17 = -2*z, b = -m. Calculate the remainder when z is divided by 25.
19
Let s(d) = 2*d**2 - 59*d + 21. What is the remainder when s(33) is divided 